umber?
True
Is 21977 prime?
True
Is 9517 a prime number?
False
Is 2053 a composite number?
False
Is 476849 prime?
True
Is 5809 prime?
False
Is 60509 a composite number?
False
Is 163973 prime?
True
Is 72161 composite?
False
Is 142421 composite?
False
Is 686739 a composite number?
True
Is 447562 composite?
True
Is 9193 prime?
False
Is 56195 composite?
True
Is 35897 a composite number?
False
Is 113869 composite?
True
Is 69 composite?
True
Is 413 a prime number?
False
Is 450913 a composite number?
False
Is 222067 a prime number?
True
Is 26479 composite?
False
Is 386077 prime?
False
Is 30161 prime?
True
Is 977 prime?
True
Is 1577243 a prime number?
False
Is 129721 composite?
True
Is 5753051 a composite number?
False
Is 77002 prime?
False
Is 1531 prime?
True
Is 126989 a prime number?
True
Is 321647 prime?
True
Is 80998 prime?
False
Is 4193 composite?
True
Is 243239 prime?
True
Is 747971 a prime number?
False
Is 20369 a prime number?
True
Is 654671 a prime number?
True
Is 159287 a prime number?
True
Is 20993 a composite number?
True
Is 14479 a composite number?
False
Is 242911 a composite number?
False
Is 466 composite?
True
Is 88843 a composite number?
False
Is 2491 prime?
False
Is 236519 composite?
False
Is 13771 a composite number?
True
Is 444079 a composite number?
False
Is 23757 a composite number?
True
Is 1099 composite?
True
Is 90067 composite?
False
Is 245383 composite?
False
Is 219577 prime?
True
Is 61862 a prime number?
False
Is 12147 a composite number?
True
Is 51673 a prime number?
True
Is 3547 composite?
False
Is 77839 a composite number?
False
Is 264863 a prime number?
False
Is 70601 a composite number?
True
Is 22441 a composite number?
False
Is 665437 a composite number?
True
Is 459177 a prime number?
False
Is 24781 composite?
False
Is 39041 composite?
False
Is 2269166 prime?
False
Is 978113 prime?
True
Is 73195 a prime number?
False
Is 45481 composite?
False
Is 18649 prime?
False
Is 198377 a prime number?
True
Is 280633 a composite number?
True
Is 11917 a prime number?
False
Is 15701 a prime number?
False
Is 3251 a prime number?
True
Is 540157 prime?
True
Is 2777 a prime number?
True
Is 1144501 a prime number?
False
Is 12517 a composite number?
False
Is 3571 a composite number?
False
Is 60509 prime?
True
Is 7069 a prime number?
True
Is 255907 a prime number?
True
Is 907 a composite number?
False
Is 7493 a composite number?
True
Is 5363 composite?
True
Is 27917 a composite number?
False
Is 2692493 composite?
False
Is 3531077 a prime number?
False
Is 67403 prime?
False
Is 912749 a composite number?
True
Is 2448263 composite?
False
Is 5513 a prime number?
False
Is 1356017 composite?
True
Is 46241 a prime number?
False
Is 56747 prime?
True
Is 499219 a composite number?
True
Is 20231 prime?
True
Is 39635 a prime number?
False
Is 10133 prime?
True
Is 5981 a composite number?
False
Is 1823 a prime number?
True
Is 24437 a composite number?
True
Is 11113 a composite number?
False
Is 35963 composite?
False
Is 3957511 composite?
True
Is 12739 composite?
False
Is 121127 a composite number?
True
Is 146441 composite?
True
Is 36323 a prime number?
False
Is 121 a composite number?
True
Is 108587 a prime number?
True
Is 657817 a prime number?
False
Is 2477 a prime number?
True
Is 41671 a composite number?
True
Is 154871 composite?
False
Is 15501 prime?
False
Is 16439 composite?
True
Is 23461 a prime number?
False
Is 2371 prime?
True
Is 187273 prime?
True
Is 343031 composite?
True
Is 977 composite?
False
Is 789 prime?
False
Is 21211 composite?
False
Is 1023289 a composite number?
False
Is 225542 composite?
True
Is 1981 composite?
True
Is 12077 composite?
True
Is 25667 a composite number?
False
Is 3659557 a composite number?
True
Is 952183 a composite number?
False
Is 227893 a prime number?
True
Is 43657 prime?
False
Is 19793 composite?
False
Is 19069 a composite number?
False
Is 59101 composite?
True
Is 1513 composite?
True
Is 42979 a prime number?
True
Is 274403 a composite number?
False
Is 128591 prime?
True
Is 29411 composite?
False
Is 2721 a composite number?
True
Is 521 a composite number?
False
Is 645409 a composite number?
False
Is 112163 composite?
False
Is 48485 a prime number?
False
Is 2395009 composite?
False
Is 1233739 a composite number?
True
Is 404221 prime?
True
Is 35087 a composite number?
True
Is 2909 a composite number?
False
Is 17021 composite?
False
Is 71191 prime?
True
Is 378247 composite?
True
Is 50279 prime?
False
Is 974 a prime number?
False
Is 18091 a prime number?
False
Is 106487 composite?
False
Is 32827 a composite number?
True
Is 9057 a composite number?
True
Is 311757 a composite number?
True
Is 106261 prime?
True
Is 2371 a prime number?
True
Is 4791 composite?
True
Is 55511 a composite number?
False
Is 6426879 a composite number?
True
Is 1644629 composite?
True
Is 7979 composite?
True
Is 962729 a prime number?
False
Is 24749 a composite number?
False
Is 201182 composite?
True
Is 19739 composite?
False
Is 15727 a prime number?
True
Is 88771 composite?
False
Is 49157 a prime number?
True
Is 170669 a composite number?
False
Is 90059 prime?
True
Is 18058 a composite number?
True
Is 172581 prime?
False
Is 4312357 prime?
False
Is 263527 a prime number?
False
Is 4065317 a prime number?
True
Is 7601 a prime number?
False
Is 49607 composite?
True
Is 48683 prime?
False
Is 218923 composite?
False
Is 65181 a composite number?
True
Is 51031 prime?
True
Is 54478 a prime number?
False
Is 1541 prime?
False
Is 395377 a composite number?
False
Is 96869 composite?
True
Is 1529119 a prime number?
True
Is 48161 composite?
True
Is 107377 composite?
False
Is 290923 a composite number?
False
Is 5917 a prime number?
False
Is 6583 prime?
False
Is 59827 composite?
True
Is 228934 prime?
False
Is 194663 prime?
False
Is 1283417 composite?
False
Is 153721 a prime number?
False
Is 369539 a composite number?
False
Is 58459 a prime number?
False
Is 124827 a prime number?
False
Is 33079 a prime number?
False
Is 667 a composite number?
True
Is 895 a composite number?
True
Is 229389 a prime number?
False
Is 1223 a composite number?
False
Is 15063 a composite number?
True
Is 1219639 composite?
False
Is 55567 prime?
False
Is 7711 prime?
False
Is 2413 composite?
True
Is 3263 a composite number?
True
Is 4249 a composite number?
True
Is 907031 composite?
False
Is 19907 composite?
True
Is 1168781 composite?
True
Is 1973087 a composite number?
False
Is 124669 composite?
False
Is 82153 prime?
True
Is 187897 prime?
True
Is 7717 a prime number?
True
Is 520483 a composite number?
True
Is 65735 prime?
False
Is 14395 a composite number?
True
Is 10039 a prime number?
True
Is 2580527 composite?
False
Is 15869 composite?
True
Is 71105 prime?
False
Is 38803 prime?
True
Is 38953 prime?
True
Is 558197 prime?
True
Is 33679 a prime number?
True
Is 69 composite?
True
Is 26909 a prime number?
False
Is 14809 composite?
True
Is 45091 prime?
False
Is 20455 a composite number?
True
Is 202861 composite?
True
Is 9511 a composite number?
False
Is 8923 a prime number?
True
Is 4667 a prime number?
False
Is 4327 a composite number?
False
Is 1016161 composite?
True
Is 2609 prime?
True
Is 760739 prime?
False
Is 181261 a prime number?
False
Is 91909 a prime number?
True
Is 610469 a prime number?
True
Is 928451 a prime number?
False
Is 164774 a prime number?
False
Is 60961 composite?
False
Is 766679 a prime number?
True
Is 13499 a prime number?
True
Is 1009 prime?
True
Is 245047 prime?
False
Is 12227 a prime number?
True
Is 5951 a composite number?
True
Is 521333 composite?
True
Is 11617 prime?
True
Is 7561 composite?
False
Is 54193 a composite number?
False
Is 34429 composite?
False
Is 2317 prime?
False
Is 12367 composite?
True
Is 875759 composite?
False
Is 22691 a composite number?
False
Is 17567 prime?
False
Is 59159 a prime number?
True
Is 625841 a prime number?
False
Is 2638 a prime number?
False
Is 1085551 a composite number?
False
Is 23783 composite?
True
Is 38083 a composite number?
False
Is 12147 composite?
True
Is 120671 a prime number?
True
Is 31847 a composite number?
False
Is 3847 prime?
True
Is 173461 a prime number?
False
Is 8147 prime?
True
Is 317207 prime?
False
Is 130771 a composite number?
True
Is 3229481 a composite number?
False
Is 144637 a composite number?
True
Is 26